inder when 745 is divided by h.
10
Suppose -3*z + 4*z = -6*z. Suppose z = 2*p + w - 4*w - 247, -4*p + 521 = 3*w. Suppose -17*j + 15*j + 44 = 0. Calculate the remainder when p is divided by j.
18
Let k(c) = -c**3 - 11*c**2 - 5*c - 8. Suppose 2*o - 22 = 4*o. Calculate the remainder when k(o) is divided by (-2)/(0 - 3/(48/2)).
15
Let b(l) = 2493*l + 86. Let j be b(1). Suppose 1325 = 64*q - j. Suppose -5*m + x + 99 + 52 = 0, 3*m + 4*x = 109. Calculate the remainder when q is divided by m.
30
Suppose 184*v - 689 = 131*v. What is the remainder when 138 is divided by v?
8
Let q be 0/(-1) + 2*7. Let m = q - 1. What is the remainder when 7294/203 + (-14)/(-203) is divided by m?
10
Suppose 0*z + 2*z - 50 = 0. Let h(r) = 146*r**2 - 1447*r + 44. What is the remainder when h(10) is divided by z?
24
Suppose -842 = -2*k + 3*c, -3*k - 4*c + 432 = -2*k. Let s = 808495 + -808470. Calculate the remainder when k is divided by s.
24
Let v be (-1 - -5) + 1 + -129. Let o = v + 138. Let q(h) = -5*h + 3. What is the remainder when q(-7) is divided by o?
10
Let l(d) = 17*d**2 + 590*d - 31. Calculate the remainder when l(-35) is divided by 12.
0
Suppose 80 = 2*u - 4*a, 3*u + 355*a - 358*a - 87 = 0. Let s = 436 - 294. Calculate the remainder when s is divided by u.
16
Suppose -5*i - 2*z = 412 - 553, -3*i + 4*z + 121 = 0. What is the remainder when 96 is divided by i?
3
Let c(n) = -n**2 - 23 - 2 + 0*n - 10*n. Let u be c(-12). Let l = u - -112. What is the remainder when l is divided by 13?
11
Let t(b) = b**2 - 11*b - 20. Let r be t(13). Let u(l) = 6*l + 40. Let p be u(r). Suppose p = 8*x - 4*x. What is the remainder when 56 is divided by x?
18
Let d be ((-4)/6)/((-62)/(-15) - 4). What is the remainder when 52/65 - 4601/d is divided by 84?
81
Let k = -6 - -26. Suppose -4*i - i = -k. Suppose -4*d + 45 = -i*u + 5, 20 = -5*u. What is the remainder when 22 is divided by d?
4
Suppose 0 = 4*v + 4*l - 57 - 71, 4*v - 2*l = 98. What is the remainder when (-2)/(-3)*(-125)/(-10)*6 is divided by v?
23
Let l(y) = y**2 + 10*y + 15. Suppose 4*k = 5*k - 4*s - 2, 3*k = -s - 33. Let w be l(k). Calculate the remainder when 87 is divided by 3 + 415/w + (-4)/6.
27
Suppose 18 = 2*x, -4*w - 5*x - 713 + 906 = 0. Suppose 2*g + 2*g - 1624 = 0. Calculate the remainder when g is divided by w.
36
Suppose 2*w - 272 = -4*q, -31*w + 131 = -30*w + q. What is the remainder when 522 is divided by w?
18
What is the remainder when 2730 - ((-4 - 11) + -1) is divided by 67?
66
Let p(y) = y**2 - 7*y + 7. Let d be p(6). Let k be (d + -79)*(-11 + 10). What is the remainder when 13 is divided by 9/45 + k/10?
5
Let z(p) = -p**3 + 4*p**2 + 6*p - 5. Let r be z(5). Suppose r = -3*i - 2*i + 180. Calculate the remainder when -210*(-6)/8*(-236)/(-354) is divided by i.
33
Let w(p) = 6*p - 46. Let j be w(7). Calculate the remainder when 163 is divided by (-1 + 44/(-16))*(j + 0).
13
Suppose 688 = 2*y - 4*j, 526*y - 522*y = -5*j + 1350. What is the remainder when y is divided by 60?
40
Let s(o) = -o**3 - 3*o**2 - 4*o - 11. Let m be s(-6). Let f = m - 112. Calculate the remainder when 11 is divided by -1 + f - (9 + -2 + -5).
5
Suppose -16*u + 2877 = 525. Calculate the remainder when 861 is divided by u.
126
Let j = -14347 + 14577. Calculate the remainder when 862 is divided by j.
172
Suppose 0 = 1641*h - 1619*h - 5434. Calculate the remainder when h is divided by 35.
2
Suppose 5*l = 0, 0 = -5*x - 5*l + 93 + 152. What is the remainder when x is divided by ((-20)/14)/((-1)/7)?
9
Let t be (333/(-36))/((-1)/4). Suppose t - 12 = -5*r. Let i = 24 + r. Calculate the remainder when i is divided by 7.
5
Let y(x) = 75*x + 187. What is the remainder when y(7) is divided by 16?
8
Suppose 3391 = 11*d + 1656 - 6141. What is the remainder when d is divided by 62?
34
Let i = 1081 - 554. Suppose 49 = 3*g - v, -25*v + 4 = -29*v. What is the remainder when i is divided by g?
15
Suppose w = -28 + 28. Suppose -4*l = 4*n - w*n - 256, 0 = -5*n + l + 338. Calculate the remainder when 127 is divided by n.
60
Let z(t) = -411*t - 6319. Calculate the remainder when z(-20) is divided by 15.
11
Let i(f) = 68*f**3 - f**2 + 2*f + 2. Let p be i(-1). Let m be 80 - ((-5 - 2) + 6). Let o = p + m. Calculate the remainder when o is divided by 4.
0
Let y(g) = -2*g**3 + 24*g**2 + 10*g + 30. Let x be y(13). Let t = 239 + x. What is the remainder when t is divided by 16?
13
Suppose 42*q - 5*m - 53972 = 34*q, 33765 = 5*q + 5*m. What is the remainder when q is divided by 150?
149
Suppose -2*h - 9*u + 71 = -14*u, -u = 3*h - 98. Suppose 36*a - h*a = 714. Calculate the remainder when a is divided by 60.
58
Let x(f) = -1261*f - 7508. What is the remainder when 164 is divided by x(-6)?
48
What is the remainder when 4547 is divided by -21 - (5 - 19) - -76?
62
Let y(h) = -15*h**3 - 91*h**2 - 30*h + 2. Calculate the remainder when 341 is divided by y(-6).
49
Suppose 2*v - 7*v + 15 = 0. What is the remainder when -27*((-28)/140)/(18/20) is divided by v?
0
Suppose 3*r = -6, 2*r - 67 = -3*a - 2*r. What is the remainder when (855/(-76))/9 + (-346)/(-8) is divided by a?
17
Suppose -20 + 0 = -5*u. Suppose -u*j - j = -35. Calculate the remainder when 46 is divided by j.
4
Suppose -9*f = -12*f - 4*q + 165, -3*f - 2*q = -159. What is the remainder when 76 is divided by f?
25
Let x = -30 - -27. Let l be (20/x)/((-40)/(-39) - 1). What is the remainder when (l/(-25))/(3/(105/2)) is divided by 37?
34
Suppose 12*d - 63 = 69. Suppose -d*k + 17*k = 366. What is the remainder when k is divided by 16?
13
Let w(b) = -18*b - 506 + 1141 - 529 - b**2. Calculate the remainder when 78 is divided by w(-22).
6
Let o(a) = 3*a**2 + 61*a - 124. Calculate the remainder when o(-34) is divided by 29.
23
Suppose -5*q + 20 = 0, 5*n + 4*q - 1097 = q. What is the remainder when n is divided by (127 - 128)/(1/(-22))?
19
Let c = -282 - -462. Calculate the remainder when 48 is divided by 148/9 - c/405.
0
Suppose 144*f - 127*f - 58106 = 0. What is the remainder when f is divided by 263?
262
Let q = 6 - -6. Suppose -2*z = z - j + 6, -z = j + 2. Calculate the remainder when q is divided by (-18)/48*z*2*2.
0
Let s = -18150 - -19010. What is the remainder when s is divided by 107?
4
Suppose 2*t - 118 = 3*t + 3*v, 2*v = -t - 121. What is the remainder when (-1 + t)*375/(-300) is divided by 18?
16
Let h = -2961 - -2981. What is the remainder when 57 is divided by h?
17
Suppose -3*o - 16 = -67. Let r(j) = -8*j**3 - 2*j**2 + j + 2. Let u be r(-2). Calculate the remainder when o is divided by 14 + (u/(-21) - 2/6).
6
Let b = -525 + 565. Suppose 0 = 5*n + 5*q - 250, 3*q + b = -4*n + 245. Calculate the remainder when n is divided by 29.
26
Suppose -i - 28 = -2*k + 21, -3*k + 28 = 5*i. Let y be (-2 - -1)/(2/(-6)). Calculate the remainder when y/9 - 484/(-6) is divided by k.
18
Let f = 1 - 0. Suppose -k + 29 = -9254*v + 9249*v, -27 = -3*v. What is the remainder when k is divided by f/4 - 225/(-12)?
17
Let r = 1393 + -1240. Suppose 6 = 3*b, 4*b = h + 3*b - 37. Calculate the remainder when r is divided by h.
36
Suppose 682 = 3*g - 1157. Calculate the remainder when g is divided by 78.
67
Let a(u) be the first derivative of u**2/2 - 18*u - 4. Let p be a(6). Let i(d) = -5*d - 25. Calculate the remainder when i(p) is divided by 19.
16
Let h = -7872 + 7923. What is the remainder when 138 is divided by h?
36
Suppose 15 = 2*f - 3. Suppose 0 = -25*s - 11 + 36. Calculate the remainder when 129 is divided by 3/((f/99)/(s + 0)).
30
Let t = -26 - -28. Suppose t*j = -4*r - 57 + 331, -4*r = -3*j - 249. Suppose 0*u = u + 4, -2*x + r = -u. What is the remainder when 90 is divided by x?
28
Suppose 36*q = 37*q. Suppose q*i = i + 20. Let x = i - -27. What is the remainder when x is divided by 5?
2
Let r = 6409 - 6320. What is the remainder when 208 is divided by r?
30
Suppose 3*n + 779 - 3440 = 3*t, 2653 = 3*n + t. What is the remainder when n is divided by 9?
3
Suppose -11*w = 13*w - 48. Suppose -n + a = -163, -3*a + 167 = n - w*a. What is the remainder when n is divided by 42?
39
Suppose -89*h = -93*h - 16. Calculate the remainder when 22 + (-1 - -1)/1 is divided by (h/(-12))/((-4)/(-96)).
6
Let p(m) be the second derivative of 2*m**4/3 - 13*m**3/3 - 13*m**2 + 11*m + 2. Calculate the remainder when 77 is divided by p(-1).
5
Let a(o) = -17*o - 